common factor of 10 and k.
10
Suppose -15 = 5*v, -3*l - v + 4*v = -303. Let t = -95 + l. Calculate the greatest common factor of t and 3.
3
Let d(m) = m + 4. Let v be d(-2). Let h be (0 - -87) + 0*v/(-10). Calculate the greatest common factor of 58 and h.
29
Suppose -15*v = -13*v - 4*g - 48, 3*g = -4*v + 96. Calculate the highest common divisor of 9 and v.
3
Let p(g) = 3*g + 3. Let m be p(5). Suppose 4*k = -0*y - 5*y + 618, -3*k + 461 = 5*y. Let i = -31 + k. What is the greatest common factor of i and m?
18
Suppose r - 3*o + 4 = 0, -2*o = -0 - 8. Let h be 1/((-4)/8) - -2. Let c(d) = d**2 + 8. Let a be c(h). What is the greatest common divisor of a and r?
8
Suppose 3375 = 7*v + 1219. Calculate the greatest common divisor of v and 28.
28
Let u(l) = 0*l + 57 + 13 + 2*l. Let h be u(0). Let q(r) = 3*r**2 + 1. Let d be q(3). What is the greatest common divisor of d and h?
14
Let i(t) = -10 + 2*t**3 - 12*t - 5*t**3 - 10 + 5*t**2 + 4*t**3. Let m be i(-6). What is the greatest common divisor of m and 16?
16
Suppose 10 + 12 = 2*r. Suppose -5*s - 216 = -3*n, 222 = 3*n - 0*n - 3*s. Calculate the greatest common divisor of n and r.
11
Suppose -2*t - 8 = -2*s, 28 = -3*t - 0*t - 5*s. Let l be 28/18*-6*9/t. What is the greatest common divisor of l and 154?
14
Suppose -385*d - 12 = -388*d. Suppose 0 = -5*a + d*i - 7 + 25, 0 = -5*a - 2*i + 6. Calculate the greatest common divisor of 50 and a.
2
Suppose -2*q + 64 = -n, 0 = 16*q - 14*q - 3*n - 72. Calculate the highest common divisor of 165 and q.
15
Let w = 3 + 5. Suppose -3*s - 3*v = -3, -2*s - v + 0*v = -5. What is the greatest common factor of w and s?
4
Suppose -t - 15*t + 1792 = 0. What is the greatest common factor of t and 56?
56
Let c be ((-6)/8)/(30/(-80)). Let r be 6*c + -1 + -1. What is the greatest common divisor of r and 15?
5
Let i(v) be the second derivative of 4*v**4/3 - 4*v**3/3 + 15*v**2/2 - 3*v. Let d be i(3). What is the highest common factor of d and 27?
27
Let a(v) = -v**2 - 13*v + 10. Let p be a(-10). What is the highest common divisor of 10 and p?
10
Suppose -7*g + 12 = -3*g. Suppose i = -i + g*q, -i - 5*q = 13. Let w be i*(-4)/(2 - -2). What is the highest common factor of 6 and w?
3
Let c(u) = 5 + 10 + u**3 - 3 - 15*u**2 - 36*u + 50*u. Let m be c(14). Calculate the greatest common divisor of 48 and m.
12
Let p = 224 + -184. Calculate the highest common divisor of p and 100.
20
Suppose -3*b - 3*v + 13 = -2, 5*b = 2*v + 4. Suppose -b*p = -p - 4. Suppose 0*g = -p*g + 40. Calculate the highest common factor of g and 40.
10
Suppose 3000 = 5*y + 5*f, -4 + 0 = -2*f. Let q = y + 106. What is the highest common factor of 64 and q?
64
Let g = -149 + 152. Let x be 18/15*315/18. What is the highest common divisor of g and x?
3
Let v(b) = 8 - 12*b**2 + b**3 + 0*b + 3*b + 8*b**2. Let k be v(7). What is the highest common factor of 16 and k?
16
Let z(p) be the first derivative of -9*p**2/2 - 9*p + 4. Let g = 9 - 15. Let v be z(g). Calculate the greatest common factor of 18 and v.
9
Suppose 102*c - 42997 = 29*c. What is the highest common factor of 95 and c?
19
Suppose -y - 3 + 27 = 0. Calculate the greatest common divisor of y and 30.
6
Let y(h) = h**3 - 2*h**2 + 4*h - 2. Let p be y(2). Suppose 3*k + 4*u - 13 = 0, -4*k + u + 5 + p = 0. What is the highest common divisor of k and 21?
3
Suppose 0 = -3*q + 4*x - 0*x + 66, 4*x = 12. Suppose 16 = 3*v - q. What is the highest common factor of v and 70?
14
Suppose -8*x + 41 + 39 = 0. What is the highest common factor of x and 465?
5
Suppose 24 = y - 19. Suppose 4*h = -4*p - 15 + y, 2*h + 2 = 0. Calculate the greatest common factor of p and 56.
8
Suppose 5*b + 5*u = 10, 0 = -3*b + b + 5*u + 32. Let q be (-2)/b - 657/(-27). What is the highest common divisor of 3 and q?
3
Let n be -4*(15/6 - 3). Suppose -4*q = -n*q - 20. What is the highest common factor of q and 25?
5
Suppose -26 = -4*i + 322. What is the highest common factor of i and 783?
87
Suppose 5*u + 2*b - 16 = 0, 0*u + 2*b = u - 8. Let z(d) = 9*d**2 + d + 2. Let m be z(-2). What is the greatest common factor of u and m?
4
Suppose 0 = 2*i - 3*l - 2*l - 26, -i - 9 = 3*l. Suppose -2*o - i*o = -400. What is the highest common divisor of o and 16?
16
Suppose -4*w - w = 1580. Let h = -212 - w. Suppose l - 44 = -4*z, -5*z = 5*l - h - 131. Calculate the greatest common factor of 16 and l.
16
Let d(q) be the second derivative of -q**5/20 + q**4/6 - 5*q**3/6 + 24*q**2 - 25*q. Let g be d(0). What is the greatest common divisor of 240 and g?
48
Let c be ((-396)/90)/((-2)/(-390)*-3). What is the highest common factor of 88 and c?
22
Suppose -26*v + 243 = -69. Suppose 3*t = 19 - 7, -2*t = 5*d - 48. Calculate the highest common factor of v and d.
4
Suppose 0 = 5*p + h - 542, -36 + 150 = p + 3*h. What is the greatest common divisor of p and 24?
12
Let u(q) = -24*q + 105. Let h be u(3). What is the highest common factor of h and 55?
11
Let j be 9/6 - (-2340)/8. Calculate the highest common divisor of j and 42.
42
Suppose -3*c + 96 = -3*m, 0 = -4*c + 5*m + 66 + 57. Calculate the highest common divisor of c and 111.
37
Let d = 272 + -112. What is the highest common divisor of d and 140?
20
Suppose 0 = 10*x + 15 - 145. Suppose 3*o - 8 = 109. What is the greatest common divisor of o and x?
13
Let z = -263 - -284. What is the highest common divisor of 483 and z?
21
Let o(x) = 14*x**3 - 7*x**2 + 2*x - 4. Let f be o(2). Calculate the greatest common factor of 105 and f.
21
Suppose -5*n = -3*y + 111, 2*y + 5*n - 57 = y. What is the greatest common divisor of y and 56?
14
Let p(g) = 4*g**2 + 23*g + 2. Let f be p(-6). What is the highest common divisor of f and 2488?
8
Suppose 0 = -4*v - 4*h + 168, 0 = 4*v + v - 4*h - 237. Let i be (-8)/20*(-15)/(-3). Let l be i/(2*(-2)/18). What is the greatest common factor of l and v?
9
Suppose -3*k + 193 = 49. Let a = -7 - -3. Let v be (a/3)/((-4)/360). What is the greatest common factor of v and k?
24
Suppose 0 = 18*x - 14*x - 3*v - 87, -3*x = -3*v - 66. What is the highest common factor of 189 and x?
21
Suppose 0 = -3*a + 31 - 25. Suppose 5*n = -a*n + 147. Suppose -20 = -4*f + 316. Calculate the highest common divisor of f and n.
21
Let k = 2924 + -2242. What is the greatest common divisor of 310 and k?
62
Let x = 17 + -38. Let j be -4*(x/(-6) - 4). Suppose 4*m = 4*q + 136, -m + q - 30 = -j*m. What is the highest common divisor of m and 48?
16
Let a(n) = -26*n + 8. Let i be a(-8). Let z = 32 + 20. Suppose -26 = -5*v - 6, 3*k - 5*v = z. What is the highest common factor of k and i?
24
Let u be 0/2 - 12/(-2). Suppose 2*y + 14 = u. Let b be (-27)/y + 2/8. Calculate the greatest common divisor of 21 and b.
7
Let d(u) = u**3 + 9*u**2 + 8*u. Let r be d(-6). Let k(a) = a**3 - 7*a**2 - 18*a + 12. Let z be k(9). Calculate the highest common factor of z and r.
12
Let d be (-6)/(-1)*2/3. Suppose -22 = 3*o - d*o. What is the greatest common factor of o and 198?
22
Let s be -13*3/(-6) + (-15)/10. Suppose -5*h + s = 0, -4*v - 3*h = -34 - 13. What is the greatest common divisor of v and 88?
11
Let v = 80 + 67. Calculate the greatest common divisor of 63 and v.
21
Suppose -i + 81 = p + 3*p, -p + 15 = -5*i. Suppose 7*l - p = 3*l. Calculate the greatest common factor of l and 125.
5
Let b be 32/(-3)*-1*3. Suppose 28 = 2*f - b. Let w = 2955 + -2940. What is the highest common factor of w and f?
15
Let r be 4 - (18 - 8) - (-28)/2. What is the greatest common divisor of r and 584?
8
Let g(c) = 32*c**3 + 2*c + 4. Let z be g(2). Calculate the greatest common divisor of z and 616.
88
Let u = 17 - 26. Let z be (-3)/u + (-7476)/(-36). What is the greatest common divisor of z and 26?
26
Let q(p) = p**2 + 4*p - 55. Let n be q(-11). What is the highest common divisor of 187 and n?
11
Suppose 0*g + 60 = 2*g + 5*a, 2*a = 2*g - 32. Let r(i) = -59*i + 3. Let m be r(-3). Calculate the greatest common factor of m and g.
20
Let w be (-647)/(-5) + 1 + (-168)/420. Calculate the greatest common divisor of w and 4.
2
Let q be ((-20)/6)/((-4)/6). Suppose -3*c + 69 = -0*g + 3*g, 0 = 4*c - q*g - 110. What is the greatest common divisor of 275 and c?
25
Suppose -4*s + 13 = -3. Suppose -j - 3*a + s = -2*j, -2*j = 4*a - 12. What is the highest common divisor of 1 and j?
1
Let v(y) = 3*y**3 - y**2 + 3. Let j be v(-2). Let h = j -